by 2326?
2135
Calculate the remainder when 21940664 is divided by 79.
73
Calculate the remainder when 119796 is divided by 5458.
5178
Calculate the remainder when 61571958 is divided by 547.
544
What is the remainder when 13008085 is divided by 93?
82
Calculate the remainder when 1305417 is divided by 2243.
2234
Calculate the remainder when 1519151 is divided by 759571.
9
Calculate the remainder when 273503 is divided by 2037.
545
Calculate the remainder when 245248 is divided by 1398.
598
What is the remainder when 40155 is divided by 1484?
87
Calculate the remainder when 11126661 is divided by 11126658.
3
Calculate the remainder when 504368 is divided by 252176.
16
What is the remainder when 2588661 is divided by 2588621?
40
What is the remainder when 204666 is divided by 22733?
69
What is the remainder when 296002 is divided by 446?
304
What is the remainder when 221554242 is divided by 187?
8
Calculate the remainder when 155882 is divided by 8656.
74
What is the remainder when 216795 is divided by 19708?
7
What is the remainder when 3098152 is divided by 1549072?
8
What is the remainder when 918729 is divided by 918726?
3
Calculate the remainder when 601950 is divided by 87.
84
Calculate the remainder when 39615 is divided by 944.
911
Calculate the remainder when 474048 is divided by 473995.
53
What is the remainder when 4944727 is divided by 618090?
7
Calculate the remainder when 3078741 is divided by 473.
457
Calculate the remainder when 321317 is divided by 26772.
53
What is the remainder when 328348 is divided by 37?
10
Calculate the remainder when 5063821 is divided by 13.
9
Calculate the remainder when 199308 is divided by 2190.
18
Calculate the remainder when 1790893 is divided by 1485.
1468
What is the remainder when 1948006 is divided by 34785?
46
What is the remainder when 38739 is divided by 4434?
3267
What is the remainder when 84176709 is divided by 632?
629
Calculate the remainder when 997654 is divided by 1660.
1654
What is the remainder when 655640 is divided by 80?
40
What is the remainder when 220380590 is divided by 3539?
3521
Calculate the remainder when 91602 is divided by 2770.
192
Calculate the remainder when 1324830 is divided by 55200.
30
Calculate the remainder when 8602848 is divided by 63255.
168
What is the remainder when 15799 is divided by 1433?
36
Calculate the remainder when 4365699 is divided by 55970.
39
What is the remainder when 10946788 is divided by 487?
2
What is the remainder when 64636584 is divided by 58?
50
Calculate the remainder when 53038 is divided by 917.
769
What is the remainder when 4235655 is divided by 52941?
375
Calculate the remainder when 352887 is divided by 49992.
2943
What is the remainder when 57412 is divided by 3182?
136
Calculate the remainder when 339061 is divided by 169433.
195
What is the remainder when 530423 is divided by 328?
47
What is the remainder when 31479 is divided by 1224?
879
Calculate the remainder when 36687 is divided by 16662.
3363
What is the remainder when 4821021 is divided by 39?
36
What is the remainder when 8192 is divided by 3901?
390
Calculate the remainder when 272653 is divided by 143.
95
What is the remainder when 1198900 is divided by 16?
4
What is the remainder when 100941691 is divided by 16823614?
7
What is the remainder when 277479 is divided by 69331?
155
Calculate the remainder when 42918919 is divided by 231.
43
What is the remainder when 120807 is divided by 29884?
1271
What is the remainder when 874956 is divided by 1401?
732
What is the remainder when 1858781 is divided by 146?
55
Calculate the remainder when 3340520 is divided by 30930.
80
Calculate the remainder when 184919 is divided by 1985.
314
Calculate the remainder when 48951 is divided by 433.
22
Calculate the remainder when 5068526 is divided by 1689492.
50
Calculate the remainder when 3941 is divided by 3083.
858
What is the remainder when 446797 is divided by 2016?
1261
Calculate the remainder when 3232400 is divided by 754.
2
Calculate the remainder when 1495866 is divided by 568.
322
What is the remainder when 30323758 is divided by 78?
10
Calculate the remainder when 1297143 is divided by 298.
247
Calculate the remainder when 538135 is divided by 1682.
1577
Calculate the remainder when 987196 is divided by 200.
196
What is the remainder when 75624 is divided by 541?
425
Calculate the remainder when 139679 is divided by 1092.
995
Calculate the remainder when 41981442 is divided by 2065.
2057
What is the remainder when 158746 is divided by 52889?
79
Calculate the remainder when 47638 is divided by 1158.
160
What is the remainder when 1671326 is divided by 417734?
390
What is the remainder when 3268812 is divided by 3268807?
5
What is the remainder when 316591 is divided by 9893?
15
What is the remainder when 26826593 is divided by 519?
2
What is the remainder when 66372633 is divided by 3745?
3743
Calculate the remainder when 22032 is divided by 146.
132
What is the remainder when 76869 is divided by 36987?
2895
What is the remainder when 1001280 is divided by 97?
46
Calculate the remainder when 31618 is divided by 31532.
86
Calculate the remainder when 295829 is divided by 285.
284
Calculate the remainder when 10485157 is divided by 806.
709
Calculate the remainder when 34166850 is divided by 1301.
1289
Calculate the remainder when 1059462 is divided by 1059457.
5
Calculate the remainder when 5315491 is divided by 2373.
2344
What is the remainder when 266904 is divided by 615?
609
Calculate the remainder when 180779 is divided by 153.
86
What is the remainder when 540889 is divided by 58842?
11311
Calculate the remainder when 121013071 is divided by 2111.
2107
Calculate the remainder when 4532728 is divided by 192.
184
What is the remainder when 40205037 is divided by 13401677?
6
Calculate the remainder when 7556 is divided by 5997.
1559
Calculate the remainder when 9033877 is divided by 83.
74
What is the remainder when 193491 is divided by 193454?
37
Calculate the remainder when 65907 is divided by 7669.
4555
What is the remainder when 5197395 is divided by 101900?
495
What is the remainder when 20280284 is divided by 34?
32
What is the remainder when 68620036 is divided by 113?
108
Calculate the remainder when 6256755 is divided by 32.
19
Calculate the remainder when 10240643 is divided by 11.
6
What is the remainder when 516217 is divided by 452?
33
What is the remainder when 557557 is divided by 3574?
13
Calculate the remainder when 88502762 is divided by 129.
119
Calculate the remainder when 6135847 is divided by 1175.
1172
Calculate the remainder when 281153560 is divided by 27.
22
What is the remainder when 399161 is divided by 9735?
26
Calculate the remainder when 413388 is divided by 75.
63
What is the remainder when 107749 is divided by 53696?
357
What is the remainder when 412952 is divided by 1223?
801
What is the remainder when 161882 is divided by 79289?
3304
What is the remainder when 3997272 is divided by 999302?
64
What is the remainder when 52167989 is divided by 93491?
11
What is the remainder when 100572 is divided by 8346?
420
What is the remainder when 714046 is divided by 1174?
254
Calculate the remainder when 2865217 is divided by 2963.
2959
Calculate the remainder when 43169720 is divided by 263230.
0
Calculate the remainder when 1661679 is divided by 34.
31
What is the remainder when 409006 is divided by 21526?
12
Calculate the remainder when 875807155 is divided by 782.
781
What is the remainder when 214221 is divided by 1001?
7
Calculate the remainder when 76667 is divided by 1658.
399
What is the remainder when 20179229 is divided by 4035812?
169
Calculate the remainder when 1748308 is divided by 166.
162
What is the remainder when 1477657 is divided by 57?
46
What is the remainder when 14515423 is divided by 224?
223
What is the remainder when 6419284 is divided by 9?
7
What is the remainder when 47944 is divided by 41?
15
What is the remainder when 2812362 is divided by 326?
286
Calculate the remainder when 29520 is divided by 2914.
380
What is the remainder when 208362 is divided by 3655?
27
Calculate the remainder when 429304 is divided by 73.
64
Calculate the remainder when 69365 is divided by 4242.
1493
Calculate the remainder when